e remainder when z is divided by (-3)/(((-15)/(-9))/(-5))?
7
Let l be 2/((-3)/(-6) + 0). Suppose 3*c = -12, 4*v - 159 = -l*c + 45. What is the remainder when v is divided by 2/4 + 55/2?
27
Let j = 652 - 643. Let m be 4/(-14) - 27/(-21). Suppose 5*u - m - 74 = 0. Calculate the remainder when u is divided by j.
6
Suppose -3*v + 4*a - 2 = 0, -2*v + 3*a = -4 + 5. What is the remainder when 17 is divided by 52/6 + v/3?
1
Let j = -4455 - -4480. Suppose 0*n = 2*n - 28. Calculate the remainder when j is divided by n.
11
Suppose -3*x + 34 = 10. Let i be (20/(-70))/((-2)/434). Suppose -i = 2*o - 4*o. Calculate the remainder when o is divided by x.
7
Suppose 12*k - 429 = k. Let o = 112 - k. Calculate the remainder when o is divided by 25.
23
Suppose -3*f = -209 - 79. Suppose 0 = -3*q + 2*s + 37, 4*q - 1 - 47 = 2*s. Calculate the remainder when f is divided by q.
8
Let a(n) = -6*n + 14. Calculate the remainder when 69 is divided by a(1).
5
Let h(n) = -n**2 + 12*n + 15. Let g = -29 + 172. Let a = g - 85. Calculate the remainder when a is divided by h(12).
13
Let i(x) = x + 53. What is the remainder when i(-4) is divided by 10?
9
Let n be (-24)/(-2) - (3 - 1). Suppose -n = 5*f - 10*f. Suppose -4*t + 23 = 3*q, -4*q - q = f*t - 29. Calculate the remainder when 19 is divided by q.
4
Let t = -1187 - -1207. What is the remainder when 342 is divided by t?
2
What is the remainder when 160 is divided by (-2 + (-3 - -1) + -5)*-4?
16
Suppose -w + 19 = -0*w. Suppose 0*g - g = 9. Let p = 2 - g. Calculate the remainder when w is divided by p.
8
Let h(z) = -z**3 - 8*z**2 + 22*z + 41. Calculate the remainder when h(-10) is divided by 4.
1
Let q(i) = i**3 + 3*i**2 - i + 1. Let o be q(-3). Suppose 76 = o*z + 12. What is the remainder when (3/(17 + -8))/(3/558) is divided by z?
14
Let o = -115 + 257. Suppose 2*m + 4*n - o = 0, 2*m = 2*n - 3*n + 136. Calculate the remainder when m is divided by 23.
21
Suppose -6*g - 2 = -8*g. Let x(b) = b**2 - 18*b + 2. Calculate the remainder when x(18) is divided by g.
0
Suppose 74 = 4*c - 2*g - 214, c - 72 = -3*g. Suppose 3*i = i + 74. What is the remainder when c is divided by i?
35
Calculate the remainder when 31 is divided by (9/6)/(7/14).
1
Suppose -5*y + 4*p + 448 = 0, 2 = p + 4. Let g = y - 48. Calculate the remainder when ((-44)/(-10))/(16/g) is divided by 5.
1
Let z(l) = 2*l**2 + 13*l - 2. Let u be z(-7). Suppose -u*s = -6*s + 23. Calculate the remainder when 43 is divided by s.
20
Let l(m) = 4 + m**3 + 3*m - 3*m - 11*m**2 + 3*m. Suppose -2*k + 7*k - 49 = -i, -k + 5*i + 15 = 0. What is the remainder when l(11) is divided by k?
7
Let o be 55/25 + (-2)/10. Suppose 252 = f + o*f. Calculate the remainder when f is divided by 29.
26
Suppose -168 = -4*m + 832. Suppose 182 = -2794*x + 2807*x. What is the remainder when m is divided by x?
12
What is the remainder when (-3450)/30*(-2)/5 is divided by 13?
7
Let j = -40 - -151. Calculate the remainder when j is divided by 38.
35
Let j(s) = s**2 + 12*s + 13. Let l be (-342)/30 - 4/(-10). Calculate the remainder when 9 is divided by j(l).
1
Suppose c + 117 = 3*o, 3*c = -5*o + 255 - 46. What is the remainder when o is divided by 18?
4
Let o(z) = z**3 + 20*z**2 + 33*z - 12. What is the remainder when o(-18) is divided by 24?
18
Let q(i) = -i**3 - i**2 + 6*i + 9. What is the remainder when q(-6) is divided by 31?
29
Let z(i) = 21*i + 69. Let v be z(-5). Suppose 151 = 4*t - 3*x, -3*t + 7*x = 2*x - 105. What is the remainder when t is divided by (6/(-12) - -3)*v/(-15)?
4
Let a be 76/20 + (-3)/(-15). Suppose -a*y + 2*y + 100 = 0. Suppose -6*j + 11*j = y. Calculate the remainder when j is divided by 6.
4
Calculate the remainder when 58*((-729)/(-18))/9 is divided by 68.
57
Let z(j) = j**2 + 7*j + 5. Let k be z(-8). Suppose 0 = 5*f + 13 + 7, -5*g + k = 3*f. Suppose -g = v - 25. Calculate the remainder when 78 is divided by v.
18
Suppose -5*w + 3 + 22 = 0. Suppose -w*s + 43 = 3*i - 17, -60 = -5*i + 5*s. Suppose -5*f = 22 - 52. What is the remainder when i is divided by f?
3
Suppose 4 = -45*l + 44*l. Let u(t) = t**3 + 3*t**2 - 13*t - 13. What is the remainder when u(l) is divided by 13?
10
Suppose 0 = -3*m - k + 11, -m - 2*k - 15 = 3*k. Suppose 0 = -t + 4*g + 5, m*g + 12 - 53 = -4*t. What is the remainder when 40 is divided by t?
4
Let g = 12986 - 12908. Suppose -49 = 5*p - 249. Calculate the remainder when g is divided by p.
38
Let w = 337 - 317. What is the remainder when 30 is divided by w?
10
Let k = 2 + 0. Let f(q) = -2*q + 18. Let n be f(16). What is the remainder when 176/77 - (-4)/n is divided by k?
0
Let f = 204 + -110. Let y = -29 + 48. What is the remainder when f is divided by y?
18
Let p = 1936 + -923. What is the remainder when p is divided by 26?
25
Let y(z) = -4*z - 71. Calculate the remainder when 64 is divided by y(-24).
14
Let i be 0/((-15)/(-3)) - -1. Calculate the remainder when 40 is divided by (3/(-15) - i)/((-7)/35).
4
Suppose 22*s - 1344 = -288. What is the remainder when 190 is divided by s?
46
Suppose -4*r = r - 4*f - 34, 0 = r - 2*f - 2. Suppose 10*d = 474 - 4. Calculate the remainder when d is divided by r.
7
Let f be 3*(-6)/27 - (-6)/9. Suppose f*z = -4*z + 136. What is the remainder when z is divided by 13?
8
Let z be 5/((-40)/(-12)) + 225/(-6). Calculate the remainder when (-27)/z + 53/4 is divided by 5.
4
Let x be (-70)/28*(-8)/10. Suppose x*p = 5*p. Suppose -r + 9 = -p. What is the remainder when 16 is divided by r?
7
Calculate the remainder when (223/3)/((-43)/(-387)) is divided by 84.
81
Let p = 6 + 5. Let d = p + 6. Let s = 319 + -309. What is the remainder when d is divided by s?
7
Suppose 0*l = 2*l + 2*o - 20, 10 = -l + 4*o. Let d(w) = w**3 - 6*w**2 + 2*w - 6. Calculate the remainder when 6 is divided by d(l).
0
Suppose m + 2*d - 168 = 0, -m + 3*d + 111 = -82. Let q(o) = 2*o**2 + 4*o + 6. What is the remainder when m is divided by q(-5)?
34
Suppose -23 = 5*r + 2. Let c = -2 - r. Let b(s) = 6*s**2 + 11*s + 10. What is the remainder when b(-1) is divided by c?
2
Suppose -5*q + 140 = -0*q + 5*a, -3*q = -2*a - 104. Let o = 13 - 242. Let y = 321 + o. Calculate the remainder when y is divided by q.
28
What is the remainder when 38 is divided by (-38 + -25)*(4/6 - 1)?
17
Suppose -l - 51 = -2*r - 2*l, 2*l - 10 = 0. Let u = r - -1. What is the remainder when 142 is divided by u?
22
What is the remainder when 7*(5 - 18/(-42)) is divided by 25?
13
Suppose 12*l = 17*l + 5*g - 140, -l + 2*g = -40. Calculate the remainder when l is divided by 8.
0
Suppose 37*f = 523 - 190. Calculate the remainder when 1*32*(-3)/(-6) is divided by f.
7
Let q = -1160 - -1605. What is the remainder when q is divided by 75?
70
What is the remainder when ((-5)/2)/(2/(-28)) is divided by 240/80 + (1 - -2)?
5
Suppose 0 = 7*a - 388 + 73. What is the remainder when a is divided by 23?
22
Suppose -2*w - 4*q = -4*w + 88, 0 = w - q - 45. Calculate the remainder when 122 is divided by w.
30
Let d(i) = -i**3 + 9*i**2 - 7*i - 3. Let j(u) = -2*u**3 + 17*u**2 - 15*u - 5. Let o(a) = 5*d(a) - 2*j(a). Calculate the remainder when o(10) is divided by 16.
13
Suppose 0 = -5*q + q - 104. Let y = -17 - q. Calculate the remainder when 19 + y/(1 + 2) is divided by 8.
6
Let r(y) = -y**2 - 13*y - 22. Let j be r(-11). Let h(w) = -6*w + 16. Calculate the remainder when 26 is divided by h(j).
10
Let a = -54 + 69. Let m be 4*(-2)/(-24)*3. What is the remainder when -1*29*(m + -2) is divided by a?
14
Let p(k) = k**3 - 2*k**2 + 5*k + 18. Calculate the remainder when p(5) is divided by 15.
13
What is the remainder when ((-122)/6)/((56/(-63))/8) is divided by 37?
35
Suppose 2*o = 2*i + 10, 3*i = -3*o + i - 5. Calculate the remainder when 1 is divided by o.
0
Let b = 355 - 267. What is the remainder when b is divided by 2?
0
Suppose -5*t + 48 = 6*r - 7*r, -3*t = r - 24. Calculate the remainder when t is divided by 1.
0
Suppose 0 = l + x - 5 - 4, 41 = 3*l - 4*x. Suppose 4*t + 0*t = 20. What is the remainder when l is divided by t?
1
Let v = -23 - -29. Suppose 0*w = 3*w - v. Suppose 8 = -4*m, w*d - 5*m - 38 = -0*d. What is the remainder when d is divided by 6?
2
Suppose 0 = o - 6 + 3. Suppose -o*k - 6 = z, z + 3 = 2*k + 17. What is the remainder when (4/(-2))/(1/(-11)) is divided by z?
4
Let h = -9 + 39. Calculate the remainder wh